ommon factor of i and 32?
4
Let t(k) = k**3 + 8*k**2 - 10*k - 11. Let m be t(-9). Let v be (2/m)/(2/(-10)). What is the greatest common divisor of 40 and v?
5
Let l(x) = -x**3 + 7*x**2 + 8*x + 4. Let b be l(8). Suppose 140 = -4*y - 96. Let g = y + 91. What is the greatest common divisor of b and g?
4
Let s(v) = -v**3 - v**2 - v + 132. Let g be s(0). Suppose -2*q - 3 + 27 = 0. Calculate the greatest common divisor of g and q.
12
Suppose 0 = 5*x - 3*r - 266, 0*x + r = 3*x - 158. What is the highest common factor of 364 and x?
52
Let h(q) = -q**3 - 2*q**2 - q - 1. Let f be h(-5). Suppose 0 = -3*u + 23 + f. What is the highest common factor of 17 and u?
17
Suppose 4*a + 26 - 74 = 0. Let d be 1058/11 + 8/(-44). What is the highest common divisor of d and a?
12
Let a be ((-21)/(-5))/((-3)/(-15)). Let p(l) = -l**2 + 10*l - 2. Let x be p(8). Suppose -c - x = -3*c. What is the highest common factor of c and a?
7
Suppose 2*q - 36 = -4*k, 5*k - 57 = -3*q - q. Suppose 60 = q*o - 4*o. Calculate the highest common factor of o and 10.
5
Let z(w) = -6*w - 10. Let n be z(-5). What is the greatest common factor of n and 140?
20
Let g be 1452/18 - 4/6. Calculate the greatest common divisor of 32 and g.
16
Let o = 21 - 12. Let y(u) be the second derivative of u**4/4 + 5*u**3/3 + 2*u**2 - 4*u. Let r be y(-7). What is the greatest common divisor of o and r?
9
Let u(f) = f**3 - 3*f**2 - 2*f - 1. Let g(d) = d + 11. Let b be g(-7). Let x be u(b). Calculate the greatest common divisor of 7 and x.
7
Let c(y) = -y - 3. Let m be c(-7). Let q be (-25)/10*m/(-5). Let k = 10 - 4. Calculate the greatest common factor of q and k.
2
Let n be (0 - -1) + (4 - 2). Suppose -2*c - 1 = -3*c, n*t = 4*c + 32. Let d = -111 + 159. What is the highest common divisor of d and t?
12
Let t(l) = -l - 3. Let u be 8 + -2 - -2 - 0. Let w be t(u). Let o(a) = -a**2 - 11*a + 8. Let f be o(w). What is the greatest common factor of 8 and f?
8
Let p = 16 + -16. Suppose 40 = 5*h - p*h. Let j = -131 - -187. Calculate the highest common divisor of j and h.
8
Let d = 8 - 4. Suppose d*k = 240 - 0. Suppose -4*i = -3*p - k, -5*i + p - 16 + 102 = 0. Calculate the highest common factor of 12 and i.
6
Let w be -16*(1 + -4)*2/4. Calculate the greatest common divisor of w and 30.
6
Let h = -10 + 15. Suppose -5 = -3*g - h*o + 8, -3*o + 8 = 2*g. What is the highest common factor of 11 and g?
1
Let k = 50 + -19. Calculate the greatest common factor of k and 31.
31
Let a be 1/((-2)/4 + 1). Suppose a*f = -w + 60 - 16, -5*f = 5*w - 210. Calculate the highest common factor of 10 and w.
10
Let l be 16/2*(-21)/(-12). What is the greatest common divisor of l and 14?
14
Suppose 0 = -y + 2*y + 30. Let w = 78 + y. Let l be (1 - -10) + 15/15. Calculate the greatest common divisor of l and w.
12
Let l = -1 + 1. Suppose l*j = j - 11. Let b be 1442/26 + (-12)/26. Calculate the highest common divisor of j and b.
11
Let z = 8 + -47. Let w be z/(-4) + (-12)/16. Calculate the highest common divisor of 45 and w.
9
Let g(x) = -x**3 - 12*x**2 + 9*x - 17. Let y be g(-13). Calculate the highest common factor of 10 and y.
5
Let z = 155 + -84. Suppose 5*g + 0*g - 3*j - 107 = 0, -3*g - 5*j = -z. Calculate the greatest common factor of g and 2.
2
Let i be (-2)/(-10) + 89/5. Suppose -3*c - i = 6. Let d be (c/(-12))/(2/24). Calculate the greatest common divisor of 1 and d.
1
Let u be (-56)/12*72/(-7). Calculate the greatest common divisor of 6 and u.
6
Let t(s) = -2 + 5*s + 0 + 3. Let b be t(2). Calculate the highest common divisor of b and 1.
1
Suppose 3*y = k + 628 + 67, 0 = -2*y + 2*k + 466. What is the highest common factor of y and 21?
21
Let o be 1*46/(3 + -1). Let m = o - 12. Let g = 13 + 31. Calculate the highest common factor of m and g.
11
Suppose -6*d - 15 = -d. Let s(j) = 4*j + 10. Let q be s(-7). Let m be 0 - q - (1 + d). Calculate the greatest common factor of m and 4.
4
Suppose -3*u + 5 = -s - 0, -s - 4*u = 26. Let y = s + 26. Calculate the greatest common divisor of y and 96.
12
Let r(i) = 3*i**2 + 11*i - 2. Let n be r(-5). What is the greatest common factor of 12 and n?
6
Let b = 176 - 126. What is the greatest common factor of b and 30?
10
Let o be ((-2)/(-4))/((-1)/(-48)). Let f = -2 - 13. Let l be f*(-3 + 1)*2. Calculate the highest common divisor of o and l.
12
Suppose 0 = -2*d - 49 + 181. Calculate the highest common factor of 6 and d.
6
Suppose 112 = 4*m + 4*f, 0*f - 36 = -2*m + 3*f. Calculate the greatest common factor of m and 8.
8
Let a(k) be the third derivative of -5*k**4/8 - k**3 + 7*k**2. Let z be a(-3). What is the highest common factor of z and 26?
13
Suppose 7*c - 3*c - 80 = 0. What is the greatest common divisor of 2 and c?
2
Let j(a) = 2*a - 8. Let w be j(6). Let z be ((-44)/6)/(12/18). Let k = 1 - z. Calculate the greatest common divisor of w and k.
4
Let q be -3 - 8/(-2) - -10. Let z = 16 - q. What is the highest common factor of 45 and z?
5
Let g = 57 + -53. Calculate the highest common divisor of g and 4.
4
Let l be 1/1*-7 - 3. Let u be l/15 + 69/9. What is the greatest common divisor of 7 and u?
7
Suppose 0 = -3*o + 2*z + 8, -2*o + 16 = -o - 4*z. Suppose -18 = -o*s - 3*s. What is the highest common factor of s and 3?
3
Suppose 0 = -h - y + 6, 0*h = -2*h + 4*y. What is the highest common factor of h and 12?
4
Suppose -4 = -f - 2*q - 0*q, -1 = -q. Suppose -f = 2*w - 3*w. Suppose -w*g = -c - 37, -3*g + 8*g - 95 = 2*c. Calculate the greatest common factor of 7 and g.
7
Suppose 0 = n - 12 - 18. Suppose -3*u + 5*v + 30 - 9 = 0, 3*u - 2*v - n = 0. Calculate the greatest common factor of u and 48.
12
Let n = -46 + 52. Let q = -7 - -10. What is the highest common factor of q and n?
3
Let f(h) = -h**2 - 12*h - 12. Let c be f(-9). Calculate the highest common divisor of c and 10.
5
Let l = 6 + -8. Let q = -3 - l. Let a be (-30 + 0)/(q/1). What is the greatest common factor of a and 20?
10
Let i(w) = 4*w - 10. Let a be i(4). What is the highest common divisor of a and 30?
6
Let t = 8 + -5. What is the greatest common divisor of 15 and t?
3
Let m be 57 + (-2)/1 + (1 - 1). Calculate the highest common factor of 22 and m.
11
Suppose 7 = -2*j + 27. What is the highest common factor of 25 and j?
5
Let p(c) = c**2 - c - 12. Let y be p(5). What is the greatest common divisor of y and 4?
4
Suppose 2*k = -6 - 0, 2*y - 5*k = 63. What is the greatest common divisor of y and 30?
6
Let h(r) = r**2 + 3*r + 3. Let x be h(-6). Let w = 0 - x. Let s = -5 - w. Calculate the highest common divisor of s and 32.
16
Suppose r = -3*w + 10 + 44, 3*r = 2*w + 118. Calculate the greatest common factor of r and 105.
21
Suppose 4*b = m + 139, -m - 27 = -2*b + 40. What is the highest common divisor of b and 18?
18
Suppose -3*j = -12, 5*t - 4*j = -6*j + 103. What is the greatest common factor of 133 and t?
19
Let k = 2 + 1. Let t = 0 + k. Calculate the greatest common factor of 1 and t.
1
Let p(r) = r**3 + 8*r**2 - 11*r - 10. Let x be p(-9). Suppose -x + 0 = -2*u. Suppose 132 = u*i - 0*i. What is the greatest common factor of i and 11?
11
Let i = 41 - 27. What is the highest common divisor of i and 98?
14
Let f be 0*(21/9 + -2). Suppose -m - 5*d + 27 = -f*d, -2*d - 34 = -m. Suppose -3*n + 250 = 2*v, 2*v = -v + 15. What is the highest common divisor of n and m?
16
Let w(a) = -a**3 - 3*a**2 + 6*a + 4. Let z be w(-5). Suppose 4 = 2*u - 3*u. Let t(v) = -8*v + 4. Let r be t(u). What is the highest common factor of r and z?
12
Suppose 0 = -4*v + 185 - 17. Calculate the greatest common factor of v and 63.
21
Let z(t) = t**2 + 5*t + 3. Let c be z(-5). Suppose m - 5*b = 2*m - 12, 5*m = -2*b + 60. What is the highest common divisor of c and m?
3
Let w = 126 - 118. Calculate the highest common factor of w and 12.
4
Suppose -238 = 5*h - 308. Let s(r) = -3*r - 2. Let c be s(-3). Calculate the highest common divisor of h and c.
7
Suppose 0 = -m + 2*m - 6. Suppose -4*r + 5*q = -33, -3*r + m + 15 = -5*q. What is the greatest common factor of r and 48?
12
Suppose 2*n - n + 11 = 0. Let a = -6 - n. Let f(d) = -d**2 + 12*d - 2. Let w be f(9). What is the greatest common factor of a and w?
5
Let l = -2 + 2. Suppose -3*c + l*c = 12. Let r be (2/c)/(1/(-98)). Calculate the greatest common divisor of 7 and r.
7
Suppose 2*p + 3*p - 100 = 0. What is the highest common 